he first derivative of 2*j**3/3 - 2*j**2 - 7*j + 46. What is the tens digit of h(5)?
2
Suppose -3*a + 3*s = -0*s + 390, -2*a - 2*s - 256 = 0. Let x = -71 - a. What is the units digit of x?
8
Let b(u) = 140*u**2 + 3*u + 3. Let a be b(-1). Suppose a = 12*n - 8*n. What is the tens digit of n?
3
Suppose -y = 5*j - 252, 0 = -3*y - 5*j + 9*j + 756. Let g = 292 - y. What is the units digit of g?
0
Let r(b) = -3*b**3 + 7*b**2 - 6*b + 7. Let x(k) = k**3 + k**2 + k - 2. Let h(g) = r(g) + 4*x(g). What is the tens digit of h(-3)?
7
Suppose -1647 = 49*v - 53*v - 5*m, -2*v + 831 = 5*m. What is the units digit of v?
8
Let s = 115 + 339. Suppose 12*g - 50 = s. What is the units digit of g?
2
Suppose -37*q = -18*q - 147630. What is the hundreds digit of q?
7
Suppose -14*y - 358680 = -154*y. What is the thousands digit of y?
2
Let q(b) = b**2 + 2*b. Let f(w) = -w**2 - 6*w - 8. Let l = -33 - -28. Let o be f(l). What is the units digit of q(o)?
3
Let f(v) = 3*v**2 + 19*v - 18. Let j(t) = 8*t - 126. Let r be j(13). What is the hundreds digit of f(r)?
0
Let k(a) = -3*a - 17. Let u be k(7). Let g = -38 - u. What is the units digit of 1 + g + 756/7?
9
Let j(z) = -4*z**3 + 3*z**2 + 2*z - 5. Let c be j(-4). Let m = 2 + c. What is the tens digit of m?
9
Let h(a) = -1617*a - 7758. What is the tens digit of h(-15)?
9
Let c be (-66)/(-33) + 4/(-1*2). Suppose c = -4*q - 0*u + 4*u + 324, -2*q = u - 177. What is the units digit of q?
6
Suppose -3*g + 37 = 4*v + 11, 3*g - 34 = -2*v. Let o(y) = 31*y - 107. What is the hundreds digit of o(g)?
3
Let a(u) = -316*u - 50*u - 11 + 5 - 20 - 225*u. What is the hundreds digit of a(-1)?
5
Let u(l) = -8 + l - l + 2*l + 13*l. Let j be u(5). Let y = j - 22. What is the units digit of y?
5
Suppose 207*k - 2404261 - 495395 = 0. What is the units digit of k?
8
Let p be (2 + 1)*(-8 - 1). Let b(t) = t**3 + 28*t**2 + 21*t + 40. Let d be b(p). Let q = d + -18. What is the units digit of q?
4
Suppose -b = -0*b + y - 94, 5*b - 467 = -2*y. Let a(z) = -z + 24. Let q be a(17). Suppose -649 = -q*n + b. What is the units digit of n?
6
Suppose 0 = 4*u - 3*n - 1832, 2*u - n - 373 - 545 = 0. What is the units digit of u?
1
Let m be ((-12)/(-10))/(-6 + (-126)/(-20)). Let v(s) = -s + 4. Let o be v(m). Suppose 4*l + o = x - 1, 0 = x - 2*l - 1. What is the units digit of x?
1
Let q(k) = 34894*k**3 - k**2 - 4*k - 2. Let w be q(-1). Let m be 2/(-4) - w/18. What is the tens digit of m/21 - 20/70?
9
Let y be -6098*(-2)/4 - (-21 - -21). Suppose 0 = 4*q - 2263 - y. What is the units digit of q?
8
Let a be 2*(6/(-30))/((-4)/50). Suppose -a = n - 2*n. Suppose -q - 2*m = -4*q + 16, n*q - 52 = -3*m. What is the units digit of q?
8
Let g(d) = d**3 - 11*d**2 + 36*d - 39. Let p(r) = r - 10. Let t be p(26). What is the tens digit of g(t)?
1
Let w(y) = -y**2 + y - 1. Let q(i) = -2*i**2 + 6*i - 6. Let u(d) = q(d) - 4*w(d). Let z be u(3). Suppose 43 + z = f. What is the units digit of f?
5
Suppose 39*v - 43*v = 3*d - 7520, -2*d = 0. Suppose -203 = c + 4*a - 2091, c - v = 4*a. What is the tens digit of c?
8
Suppose 5*d - 323 - 26214 = -3*o, 4*o - 16 = 0. Suppose -724 = 9*x - d. What is the units digit of x?
9
Let m(w) = w**3 + 7*w + 6. Let d(h) = h**3 - h**2 + 7*h + 7. Let y(f) = 4*d(f) - 5*m(f). Let l be y(-6). Suppose -g - 43 = -l. What is the units digit of g?
9
Let d(y) = 2158*y + 63. Let q be d(2). Suppose -15*n - q = -19*n + z, 3*z - 5461 = -5*n. What is the hundreds digit of n?
0
Suppose -4*j - 2*k = -10, 24 = 5*j - k + 8. Suppose -2*p + 2*t + 2 = 0, 4*p - 18 = -0*p - j*t. Suppose p*y - 70 = 92. What is the tens digit of y?
5
Suppose -2*u + 3*m + 252 = 39, 0 = 3*m - 3. Suppose -u*p - 1335 = -111*p. What is the hundreds digit of p?
4
Let a = 3105 + -1701. Let z = a - 424. What is the tens digit of z?
8
What is the thousands digit of (-10 + (-90)/(-12))*((-73172)/10 + -4)?
8
Let n(o) = -590*o**3 - o**2 - 10*o - 4. Let m(s) = -1180*s**3 - 2*s**2 - 21*s - 8. Let p(c) = -4*m(c) + 9*n(c). What is the tens digit of p(-1)?
9
Let y = -84 - -87. Suppose -4*f - b - 4*b + 36 = 0, y*b = 5*f - 45. Let o(n) = n**2 + 10*n + 22. What is the units digit of o(f)?
3
Suppose 0 = -2*a - 3*q + 38965, -77965 = -4*a + 284*q - 283*q. What is the ten thousands digit of a?
1
Let j be -44 + (3 - 9/(-3)). Let h = j - -226. What is the tens digit of h?
8
Let c(h) = 12*h - 52. Let p be c(0). Let v = p + 152. What is the units digit of v?
0
Suppose -13*s + 8*s = -15*s + 128190. What is the hundreds digit of s?
8
What is the tens digit of (657/15 - 3)/((-142)/(-14555))?
8
Suppose -51*n = -67766 - 19342. What is the units digit of n?
8
Suppose -65 + 405 = -5*w. Let o = 195 - w. What is the hundreds digit of o?
2
Suppose 5*k + 6*x - 124549 = 0, 15*x - 99680 = -4*k + 17*x. What is the units digit of k?
7
Let t(m) = -3*m**3 + 5*m**2 + 8*m - 69. What is the units digit of t(-15)?
1
Let r(b) = -30*b**3 - 6*b**2 + 22*b + 13. Let q be r(-7). Suppose 12*z = -3*z + q. What is the units digit of z?
7
Let f(o) = o**3 + 7*o**2 - 8*o + 5. Let d(g) = -g - 11. Let i be d(-5). Let x be (-2)/(i/(-21)) - 0. What is the tens digit of f(x)?
6
Suppose -q + 6647 = 3*s, -q + 2*s + 33184 = 4*q. What is the thousands digit of q?
6
Let y(i) = -i + 4. Let k be y(2). Suppose -k*g + 4*g = 4. Suppose -2*d - 2*t + 94 = 0, -4*d + g*t = 73 - 249. What is the tens digit of d?
4
Let m(y) = -4*y**2 - 28*y + 6. Let i be m(12). Let x = i - -2130. What is the tens digit of x?
2
Let d = 267 + 2. Suppose -260*i - 1944 = -d*i. What is the units digit of i?
6
Suppose -60 = -45*p + 30*p. Suppose g - 160 = -i, -3*i + 8 = -p. What is the hundreds digit of g?
1
Let c(y) = -32 + 2*y**2 - 14 - 54 - 27 - 39*y. What is the hundreds digit of c(31)?
5
Suppose 15*r + 17160 = 45*r. Let i = r - 441. What is the tens digit of i?
3
Let g = -51907 - -94900. What is the ten thousands digit of g?
4
Let m(r) = -19*r + 29. Let b be m(17). Let o = b + 583. What is the tens digit of o?
8
Suppose 0 = -r + j + 11679, 75*r + 11675 = 76*r - 3*j. What is the thousands digit of r?
1
Let j(o) = -7891*o - 10416. What is the tens digit of j(-13)?
6
Suppose -13*o - 3*o - 33*o + 756560 = 0. What is the units digit of o?
0
Let z(t) = 34*t - 21. Let q(c) = -17*c + 11. Let n(j) = 5*q(j) + 3*z(j). Let d be n(-2). Let h = 37 - d. What is the tens digit of h?
7
Suppose 5*f = 46*g - 48*g + 63765, 3*g = 0. What is the units digit of f?
3
Let m = 192 - 199. What is the tens digit of m/(7/(-4)) - -2*235?
7
Let r(l) = l**2 - 14*l + 21. Let a be 148/1480 + 0 + (-518)/(-20). What is the units digit of r(a)?
3
Let i(g) = -g**2 + 19*g - 18. Suppose 0 = -f - f + 36. Let u be i(f). Suppose u = 2*h + s - 161, -4*h = s - 281 - 46. What is the units digit of h?
3
Let y(p) be the third derivative of 0*p - 1/6*p**5 + 1/120*p**6 - 7/24*p**4 + 8/3*p**3 + 0 - 23*p**2. What is the tens digit of y(11)?
6
Let i = 30 - -45. Let m(k) = -9*k + 6. Let t be m(-7). Suppose 0 = -5*x - 5*s + i, -4*x + 0*x + t = s. What is the tens digit of x?
1
Let h = -4 - -13. Let n be (-4)/4*(h - (-2 - -4)). Let y(q) = -19*q - 29. What is the hundreds digit of y(n)?
1
Let w(n) = -54*n - 640. What is the units digit of w(-13)?
2
Let j be 150 - (2/4)/(1/(-4)). Let h(m) = -4*m**3 - m**2 - m - 2. Let w be h(-2). Suppose -w*x = -30*x + j. What is the units digit of x?
6
Let j(b) = -86*b**3 - 3*b**2 - 2*b. Let r(l) = 9*l**2 - l - 1. Let i be r(1). Let g = -8 + i. What is the tens digit of j(g)?
8
Suppose -5*d = -4*m - 7848, 3*m = -5*d + 6482 + 1352. Let a = 492 + d. What is the thousands digit of a?
2
Let y be 25150/20 - 6/(-4). Suppose 3*t = -5*v + 4*v + y, -t + 405 = 4*v. What is the hundreds digit of t?
4
What is the ten thousands digit of (434 - 426)*287/4*35?
2
Suppose 103*f - 99*f + 3206 + 8600 = 2*k, 0 = f. What is the tens digit of k?
0
Suppose -3*y - 5*l + 1054 = 3152, -3*l + 12 = 0. Let d = y + 1690. What is the hundreds digit of d?
9
Suppose 4*k = 7*k + 2*k - 314975. What is the thousands digit of k?
2
Suppose -21 = -2*q - 5*i + 7, 3*q = -i + 16. Let p(w) = -w**2 + 7*w - 17. Let a be p(q). What is the units digit of 2/a + (-6672)/(-80)?
3
Let a(u) = 16*u + 12. Let h be 0/(-5)*-1*1. Suppose h = -2*k + 6, 3*d - k - 4 = 8. What is the units digit of a(d)?
2
Let g = 159 + -157. Suppose 2 = 5*j - 3, 0 = g*h - 3*j - 651. What